en 1172 is divided by 25.
22
Calculate the remainder when 16394 is divided by 1236.
326
Calculate the remainder when 29521 is divided by 38.
33
What is the remainder when 8957 is divided by 895?
7
Calculate the remainder when 24136 is divided by 62.
18
Calculate the remainder when 797 is divided by 41.
18
What is the remainder when 9671 is divided by 4245?
1181
Calculate the remainder when 37886 is divided by 37.
35
Calculate the remainder when 13539 is divided by 677.
676
Calculate the remainder when 68500 is divided by 16.
4
Calculate the remainder when 256903 is divided by 474.
469
Calculate the remainder when 71674 is divided by 57.
25
What is the remainder when 640541 is divided by 7?
6
Calculate the remainder when 7476 is divided by 101.
2
Calculate the remainder when 290038 is divided by 90.
58
Calculate the remainder when 5886597 is divided by 25.
22
Calculate the remainder when 357416 is divided by 1314.
8
Calculate the remainder when 91135 is divided by 133.
30
What is the remainder when 31460 is divided by 199?
18
What is the remainder when 434451 is divided by 37?
34
What is the remainder when 206291 is divided by 742?
15
What is the remainder when 60183 is divided by 1438?
1225
What is the remainder when 2479 is divided by 32?
15
What is the remainder when 89492 is divided by 4708?
40
What is the remainder when 2913 is divided by 107?
24
Calculate the remainder when 34464 is divided by 717.
48
What is the remainder when 4982 is divided by 316?
242
What is the remainder when 213951 is divided by 114?
87
Calculate the remainder when 8342 is divided by 147.
110
What is the remainder when 294672 is divided by 46?
42
Calculate the remainder when 9823 is divided by 1501.
817
Calculate the remainder when 331565 is divided by 540.
5
What is the remainder when 430633 is divided by 86125?
8
What is the remainder when 292584 is divided by 169?
45
What is the remainder when 952 is divided by 15?
7
Calculate the remainder when 181998 is divided by 725.
23
Calculate the remainder when 508331 is divided by 46.
31
Calculate the remainder when 7498 is divided by 497.
43
Calculate the remainder when 121853 is divided by 512.
509
What is the remainder when 1360 is divided by 362?
274
What is the remainder when 28204 is divided by 9400?
4
What is the remainder when 11582 is divided by 243?
161
What is the remainder when 7691 is divided by 171?
167
What is the remainder when 179699 is divided by 29923?
161
What is the remainder when 33450 is divided by 7?
4
Calculate the remainder when 92734 is divided by 39.
31
What is the remainder when 2173 is divided by 8?
5
Calculate the remainder when 2237 is divided by 565.
542
What is the remainder when 1906472 is divided by 78?
74
Calculate the remainder when 774 is divided by 213.
135
Calculate the remainder when 4363 is divided by 41.
17
Calculate the remainder when 154845 is divided by 197.
3
What is the remainder when 140444 is divided by 534?
2
What is the remainder when 6368 is divided by 319?
307
What is the remainder when 29545 is divided by 3282?
7
What is the remainder when 11590 is divided by 138?
136
What is the remainder when 27081 is divided by 8?
1
Calculate the remainder when 1659 is divided by 240.
219
Calculate the remainder when 2229 is divided by 90.
69
What is the remainder when 154880 is divided by 51?
44
Calculate the remainder when 377520 is divided by 58.
56
What is the remainder when 44752 is divided by 50?
2
What is the remainder when 928844 is divided by 1211?
7
Calculate the remainder when 1764325 is divided by 139.
137
What is the remainder when 555 is divided by 40?
35
What is the remainder when 119640 is divided by 1129?
1095
What is the remainder when 12199 is divided by 142?
129
What is the remainder when 111594 is divided by 46?
44
Calculate the remainder when 4747 is divided by 61.
50
What is the remainder when 14868 is divided by 48?
36
What is the remainder when 6840 is divided by 172?
132
Calculate the remainder when 24824 is divided by 267.
260
What is the remainder when 263905 is divided by 639?
637
Calculate the remainder when 89530 is divided by 22371.
46
What is the remainder when 22365 is divided by 68?
61
Calculate the remainder when 638228 is divided by 24.
20
Calculate the remainder when 32828 is divided by 342.
338
Calculate the remainder when 47242 is divided by 6.
4
What is the remainder when 482959 is divided by 19?
17
What is the remainder when 15423 is divided by 25?
23
Calculate the remainder when 13900 is divided by 26.
16
What is the remainder when 6405 is divided by 228?
21
Calculate the remainder when 181170 is divided by 1208.
1178
What is the remainder when 2202322 is divided by 25?
22
What is the remainder when 4288 is divided by 849?
43
Calculate the remainder when 26548 is divided by 951.
871
What is the remainder when 1363 is divided by 561?
241
What is the remainder when 12909 is divided by 51?
6
Calculate the remainder when 5086 is divided by 58.
40
What is the remainder when 5050 is divided by 32?
26
What is the remainder when 61726 is divided by 30789?
148
Calculate the remainder when 8653 is divided by 164.
125
What is the remainder when 10066 is divided by 2011?
11
What is the remainder when 1956 is divided by 1949?
7
What is the remainder when 1418 is divided by 417?
167
Calculate the remainder when 25210 is divided by 1303.
453
Calculate the remainder when 8984 is divided by 38.
16
What is the remainder when 153335 is divided by 8518?
11
What is the remainder when 12529 is divided by 634?
483
Calculate the remainder when 8571949 is divided by 25.
24
Calculate the remainder when 14457 is divided by 43.
9
Calculate the remainder when 145644 is divided by 9.
6
What is the remainder when 155327 is divided by 48?
47
Calculate the remainder when 43743 is divided by 125.
118
What is the remainder when 7152 is divided by 1168?
144
Calculate the remainder when 3036136 is divided by 294.
292
Calculate the remainder when 114152 is divided by 13.
12
Calculate the remainder when 6242 is divided by 77.
5
Calculate the remainder when 3642 is divided by 41.
34
Calculate the remainder when 1218331 is divided by 26.
23
What is the remainder when 6209 is divided by 1965?
314
Calculate the remainder when 412 is divided by 9.
7
Calculate the remainder when 14506 is divided by 415.
396
What is the remainder when 217553 is divided by 207?
203
Calculate the remainder when 3929 is divided by 140.
9
What is the remainder when 18213 is divided by 6064?
21
Calculate the remainder when 7602 is divided by 236.
50
Calculate the remainder when 20834 is divided by 385.
44
Calculate the remainder when 23502 is divided by 511.
507
Calculate the remainder when 15890 is divided by 5.
0
Calculate the remainder when 9421 is divided by 325.
321
What is the remainder when 85574 is divided by 1501?
17
Calculate the remainder when 233514 is divided by 48.
42
What is the remainder when 47208 is divided by 23545?
118
Calculate the remainder when 8691 is divided by 21.
18
What is the remainder when 31188 is divided by 130?
118
What is the remainder when 52488 is divided by 1092?
72
What is the remainder when 100715 is divided by 28?
27
Calculate the remainder when 20660 is divided by 98.
80
What is the remainder when 1888 is divided by 297?
106
Calculate the remainder when 3155 is divided by 165.
20
Calculate the remainder when 317030 is divided by 105676.
2
Calculate the remainder when 9078 is divided by 331.
141
Calculate the remainder when 924 is divided by 107.
68
What is the remainder when 867937 is divided by 433963?
11
Calculate the remainder when 3215 is divided by 1031.
122
Calculate the remainder when 7610 is divided by 77.
64
Calculate the remainder when 246572 is divided by 30821.
4
What is the remainder when 102105 is divided by 268?
265
Calculate the remainder when 4970429 is divided by 1107.
1106
Calculate the remainder when 3425 is divided by 768.
353
What is the remainder when 14807 is divided by 436?
419
Calculate the remainder when 71243 is divided by 101.
38
What is the remainder when 96071 is divided by 75?
71
What is the remainder when 1382 is divided by 521?
340
What is the remainder when 143422 is divided by 16?
14
What is the remainder when 28040 is div